{"id":1310,"date":"2016-03-19T17:10:15","date_gmt":"2016-03-19T15:10:15","guid":{"rendered":"http:\/\/festadelformaggio.it\/1\/?page_id=1310"},"modified":"2025-03-11T18:47:24","modified_gmt":"2025-03-11T17:47:24","slug":"la-tua-pubblicita-sul-nostro-sito","status":"publish","type":"page","link":"https:\/\/festadelformaggio.it\/1\/la-tua-pubblicita-sul-nostro-sito\/","title":{"rendered":"La tua pubblicit\u00e0 sul nostro sito"},"content":{"rendered":"<p>Sei interessato ad acquistare uno spazio pubblicitario\u00a0sul nostro sito?<\/p>\n<p><strong>Per occupare uno degli spazi laterali delle pagine del sito con il logo o pubblicit\u00e0 della tua azienda o attivit\u00e0 commerciale, <\/strong>con un link diretto al tuo sito oppure alla tua pagina facebook<strong> il valore \u00e8 di <span style=\"color: #ff0000;\">50\u00a0\u20ac\u00a0per un intero anno, IVA\u00a0compresa.<\/span><\/strong><\/p>\n<p><strong><span style=\"color: #ff0000;\"><a style=\"color: #ff0000;\" href=\"http:\/\/festadelformaggio.it\/1\/wp-content\/uploads\/2016\/03\/widget-la-tua-pubblicit\u00e0-qui-1.jpg\"><img loading=\"lazy\" decoding=\"async\" class=\" wp-image-1980 aligncenter\" src=\"http:\/\/festadelformaggio.it\/1\/wp-content\/uploads\/2016\/03\/widget-la-tua-pubblicit\u00e0-qui-1-1024x445.jpg\" alt=\"\" width=\"322\" height=\"140\" srcset=\"https:\/\/festadelformaggio.it\/1\/wp-content\/uploads\/2016\/03\/widget-la-tua-pubblicit\u00e0-qui-1-1024x445.jpg 1024w, https:\/\/festadelformaggio.it\/1\/wp-content\/uploads\/2016\/03\/widget-la-tua-pubblicit\u00e0-qui-1-600x261.jpg 600w, https:\/\/festadelformaggio.it\/1\/wp-content\/uploads\/2016\/03\/widget-la-tua-pubblicit\u00e0-qui-1-300x130.jpg 300w, https:\/\/festadelformaggio.it\/1\/wp-content\/uploads\/2016\/03\/widget-la-tua-pubblicit\u00e0-qui-1-768x334.jpg 768w, https:\/\/festadelformaggio.it\/1\/wp-content\/uploads\/2016\/03\/widget-la-tua-pubblicit\u00e0-qui-1.jpg 1447w\" sizes=\"auto, (max-width: 322px) 100vw, 322px\" \/><\/a><\/span><\/strong><\/p>\n<p><strong> <a href=\"http:\/\/festadelformaggio.it\/1\/wp-content\/uploads\/2016\/03\/widget-la-tua-pubblicit\u00e0-qui-2.png\"><img loading=\"lazy\" decoding=\"async\" class=\"wp-image-1981 aligncenter\" src=\"http:\/\/festadelformaggio.it\/1\/wp-content\/uploads\/2016\/03\/widget-la-tua-pubblicit\u00e0-qui-2-1024x445.png\" alt=\"\" width=\"322\" height=\"140\" srcset=\"https:\/\/festadelformaggio.it\/1\/wp-content\/uploads\/2016\/03\/widget-la-tua-pubblicit\u00e0-qui-2-1024x445.png 1024w, https:\/\/festadelformaggio.it\/1\/wp-content\/uploads\/2016\/03\/widget-la-tua-pubblicit\u00e0-qui-2-600x261.png 600w, https:\/\/festadelformaggio.it\/1\/wp-content\/uploads\/2016\/03\/widget-la-tua-pubblicit\u00e0-qui-2-300x130.png 300w, https:\/\/festadelformaggio.it\/1\/wp-content\/uploads\/2016\/03\/widget-la-tua-pubblicit\u00e0-qui-2-768x334.png 768w, https:\/\/festadelformaggio.it\/1\/wp-content\/uploads\/2016\/03\/widget-la-tua-pubblicit\u00e0-qui-2.png 1447w\" sizes=\"auto, (max-width: 322px) 100vw, 322px\" \/><\/a><\/strong><\/p>\n<p>Se\u00a0sei interessato scrivi una mail a <strong>info@festadelformaggio.it<\/strong>. Grazie.<\/p>\n<p>Questo sito <strong>www.festadelformaggio.it<\/strong> pu\u00f2 contare su un numero notevole di visite, in continua crescita\u00a0e non solo nel periodo della <em>Festa del Formaggio.\u00a0<\/em>Grazie alle\u00a0numerose informazioni\u00a0interessanti\u00a0e il continuo aggiornamento delle news si possono trovare periodicamente\u00a0diverse notizie utili relative al territorio e ai prodotti tipici della zona.<\/p>\n<p><a href=\"http:\/\/festadelformaggio.it\/1\/wp-content\/uploads\/2015\/02\/IMG_3853-Copia.jpg\" rel=\"attachment wp-att-791\"><img loading=\"lazy\" decoding=\"async\" class=\"wp-image-791 aligncenter\" src=\"http:\/\/festadelformaggio.it\/1\/wp-content\/uploads\/2015\/02\/IMG_3853-Copia.jpg\" alt=\"formaggi e latticini monte faldo de.co. nogarole\" width=\"507\" height=\"242\" srcset=\"https:\/\/festadelformaggio.it\/1\/wp-content\/uploads\/2015\/02\/IMG_3853-Copia.jpg 1024w, https:\/\/festadelformaggio.it\/1\/wp-content\/uploads\/2015\/02\/IMG_3853-Copia-600x287.jpg 600w, https:\/\/festadelformaggio.it\/1\/wp-content\/uploads\/2015\/02\/IMG_3853-Copia-300x143.jpg 300w\" sizes=\"auto, (max-width: 507px) 100vw, 507px\" \/><\/a><\/p>\n<p>&nbsp;<\/p>\n","protected":false},"excerpt":{"rendered":"<p>Sei interessato ad acquistare uno spazio pubblicitario\u00a0sul nostro sito? Per occupare uno degli spazi laterali delle pagine del sito con il logo o pubblicit\u00e0 della tua azienda o attivit\u00e0 commerciale, con un link diretto al tuo sito oppure alla tua pagina facebook il valore \u00e8 di 50\u00a0\u20ac\u00a0per un intero anno, IVA\u00a0compresa. Se\u00a0sei interessato scrivi una&hellip;<\/p>\n","protected":false},"author":2,"featured_media":0,"parent":0,"menu_order":0,"comment_status":"closed","ping_status":"closed","template":"","meta":[],"class_list":["post-1310","page","type-page","status-publish","hentry","description-off"],"post_mailing_queue_ids":[],"_links":{"self":[{"href":"https:\/\/festadelformaggio.it\/1\/wp-json\/wp\/v2\/pages\/1310","targetHints":{"allow":["GET"]}}],"collection":[{"href":"https:\/\/festadelformaggio.it\/1\/wp-json\/wp\/v2\/pages"}],"about":[{"href":"https:\/\/festadelformaggio.it\/1\/wp-json\/wp\/v2\/types\/page"}],"author":[{"embeddable":true,"href":"https:\/\/festadelformaggio.it\/1\/wp-json\/wp\/v2\/users\/2"}],"replies":[{"embeddable":true,"href":"https:\/\/festadelformaggio.it\/1\/wp-json\/wp\/v2\/comments?post=1310"}],"version-history":[{"count":5,"href":"https:\/\/festadelformaggio.it\/1\/wp-json\/wp\/v2\/pages\/1310\/revisions"}],"predecessor-version":[{"id":1982,"href":"https:\/\/festadelformaggio.it\/1\/wp-json\/wp\/v2\/pages\/1310\/revisions\/1982"}],"wp:attachment":[{"href":"https:\/\/festadelformaggio.it\/1\/wp-json\/wp\/v2\/media?parent=1310"}],"curies":[{"name":"wp","href":"https:\/\/api.w.org\/{rel}","templated":true}]}}