{"id":980,"date":"2015-04-07T15:46:33","date_gmt":"2015-04-07T13:46:33","guid":{"rendered":"http:\/\/festadelformaggio.it\/1\/?page_id=980"},"modified":"2025-03-11T18:47:45","modified_gmt":"2025-03-11T17:47:45","slug":"il-caseificio-sociale-di-nogarole","status":"publish","type":"page","link":"https:\/\/festadelformaggio.it\/1\/il-caseificio-sociale-di-nogarole\/","title":{"rendered":"IL CASEIFICIO SOCIALE DI NOGAROLE"},"content":{"rendered":"<div id=\"attachment_975\" style=\"width: 310px\" class=\"wp-caption alignright\"><a href=\"http:\/\/festadelformaggio.it\/1\/wp-content\/uploads\/2015\/02\/inaugurazione-del-caseificio-1962.jpg\"><img loading=\"lazy\" decoding=\"async\" aria-describedby=\"caption-attachment-975\" class=\"wp-image-975 size-medium\" src=\"http:\/\/festadelformaggio.it\/1\/wp-content\/uploads\/2015\/02\/inaugurazione-del-caseificio-1962-300x219.jpg\" alt=\"inaugurazione del caseificio 1962\" width=\"300\" height=\"219\" srcset=\"https:\/\/festadelformaggio.it\/1\/wp-content\/uploads\/2015\/02\/inaugurazione-del-caseificio-1962-300x219.jpg 300w, https:\/\/festadelformaggio.it\/1\/wp-content\/uploads\/2015\/02\/inaugurazione-del-caseificio-1962-600x438.jpg 600w, https:\/\/festadelformaggio.it\/1\/wp-content\/uploads\/2015\/02\/inaugurazione-del-caseificio-1962.jpg 640w\" sizes=\"auto, (max-width: 300px) 100vw, 300px\" \/><\/a><p id=\"caption-attachment-975\" class=\"wp-caption-text\">L&#8217;inaugurazione dell&#8217;attuale caseificio sociale, nel 1962. <em>archivio Repele Lucia<\/em><\/p><\/div>\n<p>Il <strong>caseificio<\/strong> (<em>Cooperativa Agricola Produttori Latte<\/em>) \u00e8 parte integrante del centro di Nogarole da pi\u00f9 di un secolo.<\/p>\n<p>Sul finire dell&#8217;Ottocento la <strong><em>cas\u00e0ra<\/em><\/strong> era una piccola struttura di una sola stanza posta vicino al municipio, sostituita negli anni Venti da un edificio pi\u00f9 ampio che portava in una nicchia sulla facciata una statua seicentesca di San Michele arcangelo.<\/p>\n<div id=\"attachment_671\" style=\"width: 310px\" class=\"wp-caption alignleft\"><a href=\"http:\/\/festadelformaggio.it\/1\/wp-content\/uploads\/2015\/02\/festa-2014-4.jpg\"><img loading=\"lazy\" decoding=\"async\" aria-describedby=\"caption-attachment-671\" class=\"wp-image-671 size-medium\" src=\"http:\/\/festadelformaggio.it\/1\/wp-content\/uploads\/2015\/02\/festa-2014-4-300x200.jpg\" alt=\"festa 2014 (4)\" width=\"300\" height=\"200\" srcset=\"https:\/\/festadelformaggio.it\/1\/wp-content\/uploads\/2015\/02\/festa-2014-4-300x200.jpg 300w, https:\/\/festadelformaggio.it\/1\/wp-content\/uploads\/2015\/02\/festa-2014-4-600x400.jpg 600w, https:\/\/festadelformaggio.it\/1\/wp-content\/uploads\/2015\/02\/festa-2014-4.jpg 1024w, https:\/\/festadelformaggio.it\/1\/wp-content\/uploads\/2015\/02\/festa-2014-4-690x462.jpg 690w, https:\/\/festadelformaggio.it\/1\/wp-content\/uploads\/2015\/02\/festa-2014-4-390x261.jpg 390w\" sizes=\"auto, (max-width: 300px) 100vw, 300px\" \/><\/a><p id=\"caption-attachment-671\" class=\"wp-caption-text\">Il caseificio di Nogarole oggi, con lo spaccio e vendita diretta. <em>ph Enrico Corato<\/em><\/p><\/div>\n<p>L&#8217;attuale caseificio fu inaugurato nel <strong>1962<\/strong>, e da allora <strong>produce e vende direttamente formaggi e latticini eccezionali<\/strong>, come vuole la migliore tradizione locale.<\/p>\n<p>Con orgoglio possiamo dire che il caseificio di Nogarole <strong>lavora<\/strong> <strong>esclusivamente latte proveniente dalle stalle dei propri soci<\/strong>, che si trovano nella zona circostante il Monte Faldo, seguendo un metodo tradizionale che garantisce <strong>qualit\u00e0 e genuinit\u00e0<\/strong> del prodotto.<\/p>\n<div id=\"attachment_971\" style=\"width: 299px\" class=\"wp-caption alignright\"><a href=\"http:\/\/festadelformaggio.it\/1\/wp-content\/uploads\/2015\/02\/durante-la-lavorazione-2.jpg\" rel=\"attachment wp-att-971\"><img loading=\"lazy\" decoding=\"async\" aria-describedby=\"caption-attachment-971\" class=\"wp-image-971\" src=\"http:\/\/festadelformaggio.it\/1\/wp-content\/uploads\/2015\/02\/durante-la-lavorazione-2.jpg\" alt=\"durante la lavorazione (2)\" width=\"289\" height=\"217\" srcset=\"https:\/\/festadelformaggio.it\/1\/wp-content\/uploads\/2015\/02\/durante-la-lavorazione-2.jpg 640w, https:\/\/festadelformaggio.it\/1\/wp-content\/uploads\/2015\/02\/durante-la-lavorazione-2-600x450.jpg 600w, https:\/\/festadelformaggio.it\/1\/wp-content\/uploads\/2015\/02\/durante-la-lavorazione-2-300x225.jpg 300w\" sizes=\"auto, (max-width: 289px) 100vw, 289px\" \/><\/a><p id=\"caption-attachment-971\" class=\"wp-caption-text\">La produzione. <em>ph Alberto Cosaro<\/em><\/p><\/div>\n<p>Il caseificio produce e vende direttamente:<\/p>\n<ul>\n<li><strong>BURRO<\/strong><\/li>\n<li><strong>RICOTTA e FIORETTA<\/strong><\/li>\n<li><strong>STRACCHINO<\/strong><\/li>\n<li><strong>CACIOTTE<\/strong><\/li>\n<li><strong>CACIOTTINE<\/strong> alle erbe, alle noci, alle olive, ai peperoni ecc.<\/li>\n<li><strong>TOSELLA<\/strong><\/li>\n<li><strong>FORMAGGIO ASIAGO DOP<\/strong><\/li>\n<li><strong>FORMAGGIO MONTE FALDO DE.CO. fresco, mezzano, vecchio e stravecchio<\/strong><\/li>\n<\/ul>\n<div id=\"attachment_974\" style=\"width: 285px\" class=\"wp-caption alignleft\"><a href=\"http:\/\/festadelformaggio.it\/1\/wp-content\/uploads\/2015\/02\/il-cas\u00e0ro-giorgio-al-lavoro.jpg\" rel=\"attachment wp-att-974\"><img loading=\"lazy\" decoding=\"async\" aria-describedby=\"caption-attachment-974\" class=\"wp-image-974\" src=\"http:\/\/festadelformaggio.it\/1\/wp-content\/uploads\/2015\/02\/il-cas\u00e0ro-giorgio-al-lavoro.jpg\" alt=\"il cas\u00e0ro giorgio al lavoro\" width=\"275\" height=\"206\" srcset=\"https:\/\/festadelformaggio.it\/1\/wp-content\/uploads\/2015\/02\/il-cas\u00e0ro-giorgio-al-lavoro.jpg 640w, https:\/\/festadelformaggio.it\/1\/wp-content\/uploads\/2015\/02\/il-cas\u00e0ro-giorgio-al-lavoro-600x450.jpg 600w, https:\/\/festadelformaggio.it\/1\/wp-content\/uploads\/2015\/02\/il-cas\u00e0ro-giorgio-al-lavoro-300x225.jpg 300w\" sizes=\"auto, (max-width: 275px) 100vw, 275px\" \/><\/a><p id=\"caption-attachment-974\" class=\"wp-caption-text\">Il cas\u00e0ro Giorgio al lavoro. <em>ph Enrico Corato<\/em><\/p><\/div>\n<p>Lo <strong>SPACCIO<\/strong> \u00e8 aperto tutti i giorni <strong>dalle 8.00 alle 12.30<\/strong> e <strong>dalle 16.00 alle 19.00<\/strong>.&nbsp;Chiuso luned\u00ec pomeriggio e mercoled\u00ec pomeriggio. <strong>La domenica \u00e8 aperto dalle 8.30 alle 12.00<\/strong>.<\/p>\n<p><strong>Telefono Spaccio Caseificio:&nbsp;0444 427079<\/strong>.<\/p>\n<p>Potete trovare i prodotti caseari di Nogarole nei migliori negozi di enogastronomia della zona, al mercato di Montebello (mercoled\u00ec) e nei mercati contadini di Arzignano (gioved\u00ec) e Valdagno (sabato).<\/p>\n<p>&nbsp;<\/p>\n<p>&nbsp;<\/p>\n<p>&nbsp;<\/p>\n<p><a class=\"dt-pswp-item\" href=\"http:\/\/festadelformaggio.it\/1\/wp-content\/uploads\/2019\/03\/latteria-nogarole.jpg\" data-dt-img-description=\"\" data-large_image_width=\"1154\" data-large_image_height=\"1617\"><img loading=\"lazy\" decoding=\"async\" class=\"aligncenter size-large wp-image-3396\" src=\"http:\/\/festadelformaggio.it\/1\/wp-content\/uploads\/2019\/03\/latteria-nogarole-731x1024.jpg\" alt=\"\" width=\"731\" height=\"1024\" srcset=\"https:\/\/festadelformaggio.it\/1\/wp-content\/uploads\/2019\/03\/latteria-nogarole-731x1024.jpg 731w, https:\/\/festadelformaggio.it\/1\/wp-content\/uploads\/2019\/03\/latteria-nogarole-214x300.jpg 214w, https:\/\/festadelformaggio.it\/1\/wp-content\/uploads\/2019\/03\/latteria-nogarole-768x1076.jpg 768w, https:\/\/festadelformaggio.it\/1\/wp-content\/uploads\/2019\/03\/latteria-nogarole.jpg 1154w\" sizes=\"auto, (max-width: 731px) 100vw, 731px\" \/><\/a><\/p>\n<p>&nbsp;<\/p>\n<h3 style=\"text-align: center;\"><strong><em><span style=\"color: #ff0000;\">Se vuoi scoprire tutte le bont\u00e0 che produciamo, sfoglia il nostro catalogo:<\/span><\/em><\/strong><\/h3>\n<p><iframe style=\"border: none; width: 100%; height: 500px;\" src=\"https:\/\/e.issuu.com\/anonymous-embed.html?u=bericaeditrice&amp;d=volantino\" allowfullscreen=\"allowfullscreen\"><span data-mce-type=\"bookmark\" style=\"display: inline-block; width: 0px; overflow: hidden; line-height: 0;\" class=\"mce_SELRES_start\">\ufeff<\/span><\/iframe><\/p>\n","protected":false},"excerpt":{"rendered":"<p>Il caseificio (Cooperativa Agricola Produttori Latte) \u00e8 parte integrante del centro di Nogarole da pi\u00f9 di un secolo. Sul finire dell&#8217;Ottocento la cas\u00e0ra era una piccola struttura di una sola stanza posta vicino al municipio, sostituita negli anni Venti da un edificio pi\u00f9 ampio che portava in una nicchia sulla facciata una statua seicentesca di&hellip;<\/p>\n","protected":false},"author":2,"featured_media":0,"parent":0,"menu_order":0,"comment_status":"closed","ping_status":"open","template":"","meta":[],"class_list":["post-980","page","type-page","status-publish","hentry","description-off"],"post_mailing_queue_ids":[],"_links":{"self":[{"href":"https:\/\/festadelformaggio.it\/1\/wp-json\/wp\/v2\/pages\/980","targetHints":{"allow":["GET"]}}],"collection":[{"href":"https:\/\/festadelformaggio.it\/1\/wp-json\/wp\/v2\/pages"}],"about":[{"href":"https:\/\/festadelformaggio.it\/1\/wp-json\/wp\/v2\/types\/page"}],"author":[{"embeddable":true,"href":"https:\/\/festadelformaggio.it\/1\/wp-json\/wp\/v2\/users\/2"}],"replies":[{"embeddable":true,"href":"https:\/\/festadelformaggio.it\/1\/wp-json\/wp\/v2\/comments?post=980"}],"version-history":[{"count":13,"href":"https:\/\/festadelformaggio.it\/1\/wp-json\/wp\/v2\/pages\/980\/revisions"}],"predecessor-version":[{"id":3715,"href":"https:\/\/festadelformaggio.it\/1\/wp-json\/wp\/v2\/pages\/980\/revisions\/3715"}],"wp:attachment":[{"href":"https:\/\/festadelformaggio.it\/1\/wp-json\/wp\/v2\/media?parent=980"}],"curies":[{"name":"wp","href":"https:\/\/api.w.org\/{rel}","templated":true}]}}